hen 11472 is divided by 116.
104
Calculate the remainder when 140217 is divided by 410.
407
Calculate the remainder when 4611 is divided by 2.
1
What is the remainder when 2010 is divided by 500?
10
What is the remainder when 512504 is divided by 286?
278
Calculate the remainder when 846 is divided by 656.
190
What is the remainder when 1601435 is divided by 58?
55
What is the remainder when 495876 is divided by 77?
73
Calculate the remainder when 2332 is divided by 776.
4
What is the remainder when 8889 is divided by 248?
209
What is the remainder when 34486 is divided by 40?
6
What is the remainder when 31095 is divided by 445?
390
What is the remainder when 177818 is divided by 68?
66
Calculate the remainder when 17519 is divided by 762.
755
Calculate the remainder when 94225 is divided by 698.
693
Calculate the remainder when 1920 is divided by 590.
150
What is the remainder when 131 is divided by 104?
27
Calculate the remainder when 1651 is divided by 112.
83
What is the remainder when 1044 is divided by 497?
50
Calculate the remainder when 7330 is divided by 63.
22
What is the remainder when 5504 is divided by 2728?
48
Calculate the remainder when 109343 is divided by 20.
3
What is the remainder when 10338 is divided by 44?
42
Calculate the remainder when 1011 is divided by 62.
19
Calculate the remainder when 13854 is divided by 41.
37
What is the remainder when 2901764 is divided by 151?
148
Calculate the remainder when 5894 is divided by 55.
9
Calculate the remainder when 21291 is divided by 126.
123
What is the remainder when 3104 is divided by 497?
122
Calculate the remainder when 14310 is divided by 85.
30
Calculate the remainder when 2685 is divided by 433.
87
Calculate the remainder when 2481 is divided by 464.
161
Calculate the remainder when 3388 is divided by 562.
16
Calculate the remainder when 51804 is divided by 6.
0
Calculate the remainder when 9605 is divided by 563.
34
What is the remainder when 130336 is divided by 17?
14
What is the remainder when 60855 is divided by 322?
319
Calculate the remainder when 13273 is divided by 295.
293
Calculate the remainder when 4945 is divided by 2373.
199
Calculate the remainder when 35772 is divided by 135.
132
Calculate the remainder when 79838 is divided by 230.
28
What is the remainder when 36188 is divided by 14?
12
What is the remainder when 3568615 is divided by 8?
7
What is the remainder when 952 is divided by 39?
16
What is the remainder when 4083 is divided by 2032?
19
What is the remainder when 204402 is divided by 100?
2
Calculate the remainder when 18779 is divided by 2681.
12
What is the remainder when 1777817 is divided by 98?
97
Calculate the remainder when 10988 is divided by 266.
82
What is the remainder when 1825 is divided by 285?
115
Calculate the remainder when 6339 is divided by 52.
47
Calculate the remainder when 399463 is divided by 17.
14
What is the remainder when 375 is divided by 161?
53
What is the remainder when 56612 is divided by 42?
38
Calculate the remainder when 1714 is divided by 1627.
87
What is the remainder when 730696 is divided by 243554?
34
What is the remainder when 206348 is divided by 51586?
4
Calculate the remainder when 108985 is divided by 15.
10
What is the remainder when 2079 is divided by 156?
51
What is the remainder when 4549 is divided by 758?
1
What is the remainder when 255452 is divided by 241?
233
Calculate the remainder when 51954 is divided by 65.
19
What is the remainder when 497562 is divided by 53?
51
What is the remainder when 4269 is divided by 284?
9
What is the remainder when 4470 is divided by 149?
0
Calculate the remainder when 30206 is divided by 408.
14
Calculate the remainder when 25280 is divided by 159.
158
What is the remainder when 71818 is divided by 73?
59
What is the remainder when 867 is divided by 423?
21
Calculate the remainder when 1649 is divided by 614.
421
What is the remainder when 914029 is divided by 120?
109
What is the remainder when 11447 is divided by 11?
7
Calculate the remainder when 33682 is divided by 1403.
10
Calculate the remainder when 1123 is divided by 388.
347
What is the remainder when 89849 is divided by 91?
32
What is the remainder when 488563 is divided by 620?
3
Calculate the remainder when 1125 is divided by 442.
241
Calculate the remainder when 36844 is divided by 47.
43
What is the remainder when 1161392 is divided by 12?
8
What is the remainder when 3474 is divided by 1706?
62
Calculate the remainder when 389745 is divided by 1796.
13
Calculate the remainder when 682 is divided by 619.
63
What is the remainder when 371646 is divided by 1140?
6
Calculate the remainder when 33755 is divided by 241.
15
Calculate the remainder when 4965 is divided by 1558.
291
Calculate the remainder when 13341 is divided by 1028.
1005
What is the remainder when 28726 is divided by 24?
22
Calculate the remainder when 46897 is divided by 609.
4
Calculate the remainder when 5644069 is divided by 14.
11
What is the remainder when 22899 is divided by 567?
219
What is the remainder when 5450 is divided by 152?
130
What is the remainder when 25292 is divided by 186?
182
Calculate the remainder when 3475 is divided by 166.
155
Calculate the remainder when 81398 is divided by 33.
20
What is the remainder when 3030 is divided by 1004?
18
Calculate the remainder when 3150 is divided by 636.
606
What is the remainder when 22341 is divided by 24?
21
What is the remainder when 1265811 is divided by 22?
19
What is the remainder when 37774 is divided by 4195?
19
What is the remainder when 6292 is divided by 21?
13
What is the remainder when 314996 is divided by 218?
204
Calculate the remainder when 23305 is divided by 44.
29
What is the remainder when 47484 is divided by 104?
60
Calculate the remainder when 672878 is divided by 2608.
14
Calculate the remainder when 5391 is divided by 2683.
25
What is the remainder when 4090 is divided by 1348?
46
What is the remainder when 11843 is divided by 2342?
133
Calculate the remainder when 24845 is divided by 50.
45
What is the remainder when 780899 is divided by 150?
149
What is the remainder when 12569 is divided by 4185?
14
Calculate the remainder when 112775 is divided by 16110.
5
Calculate the remainder when 1070 is divided by 159.
116
Calculate the remainder when 440559 is divided by 303.
300
Calculate the remainder when 1948 is divided by 98.
86
What is the remainder when 14035 is divided by 265?
255
Calculate the remainder when 1185358 is divided by 55.
53
Calculate the remainder when 5474 is divided by 608.
2
Calculate the remainder when 33799 is divided by 1607.
52
What is the remainder when 12443 is divided by 1382?
5
What is the remainder when 3926 is divided by 142?
92
Calculate the remainder when 1998 is divided by 5.
3
Calculate the remainder when 2778 is divided by 727.
597
What is the remainder when 3723 is divided by 1543?
637
What is the remainder when 248944 is divided by 325?
319
What is the remainder when 12680 is divided by 276?
260
Calculate the remainder when 91370 is divided by 8.
2
What is the remainder when 84339 is divided by 14054?
15
What is the remainder when 389091 is divided by 6?
3
What is the remainder when 37401 is divided by 519?
33
What is the remainder when 13624 is divided by 81?
16
Calculate the remainder when 4037 is divided by 423.
230
What is the remainder when 15437 is divided by 491?
216
Calculate the remainder when 4721022 is divided by 19.
16
Calculate the remainder when 3402 is divided by 3391.
11
Calculate the remainder when 3032 is divided by 41.
39
What is the remainder when 8627 is divided by 361?
324
Calculate the remainder when 1929 is divided by 636.
21
What is the remainder when 141827 is divided by 40?
27
What is the remainder when 31362 is divided by 61?
8
What is the remainder when 1261 is divided by 499?
263
What is the remainder when 2273 is divided by 508?
241
What is the remainder when 2554 is divided by 438?
364
What is the remainder when 1050 is divided by 542?
508
What is the remainder when 2432 is divided by 139?
69
What is the remainder when 2124 is divided by 248?
140
What is the remainder when 5582 is divided by 494?
148
Calculate the remainder when 7956 is divided by 73.
72
Calculate the rema